lculate c(-8).
2
Let w(u) = u**2 + 2*u + 4. Give w(4).
28
Let n(m) = 7*m**2 - m + 4. What is n(-3)?
70
Let r(i) = i**3 - i**2 - 12*i + 7. Determine r(5).
47
Let i(n) = n**2 + 4*n. Determine i(-4).
0
Let b(z) = -z + 9. Calculate b(-4).
13
Let g(p) = -p**3 - 3*p**2 + 2*p - 4. What is g(-4)?
4
Let f(d) = 2*d + 16. Give f(0).
16
Let l(a) = -12*a - 91. Give l(-7).
-7
Let y(h) = 3*h**2 + 4*h - 2. What is y(-4)?
30
Let c(x) = x**3 - 10*x**2 + 13*x - 1. Give c(8).
-25
Let i(z) = z**2 - 11*z + 17. Give i(12).
29
Let h(v) = -v**3 - 2*v**2 + v + 1. What is h(2)?
-13
Let g(o) = 18*o + 129. What is g(-7)?
3
Let d(m) = m**2 + m + 26. Determine d(0).
26
Let m(b) = b**3 - b**2 - 6*b + 1. What is m(3)?
1
Let g(l) = l**3 + 2*l**2 - 2*l + 28. Give g(0).
28
Let t(i) = 3*i + 11. Calculate t(-5).
-4
Let j(v) = v**3 - 4*v**2 - 2*v + 3. Determine j(3).
-12
Let f(l) = l**3 + 9*l**2 + 2*l + 42. What is f(-9)?
24
Let f(k) = -k + 11. Determine f(4).
7
Let r(p) = p**2 - 4*p - 12. Give r(7).
9
Let r(x) = 16*x**3 - 2*x. Determine r(-2).
-124
Let c(g) = -g**3 - g**2 - g - 36. What is c(0)?
-36
Let a(x) = -9*x**3 - 2*x - 1. What is a(-1)?
10
Let l(p) = p**3 + 4*p**2 + 6. Calculate l(-4).
6
Let o(y) = -y + 25. Calculate o(21).
4
Let h(a) = -a**2 - 4*a. Give h(-5).
-5
Let m(f) = 13*f. Determine m(2).
26
Let i(t) = t + 17. Calculate i(-7).
10
Let p(f) = f**3 + 6*f**2 + 3*f - 11. Determine p(-5).
-1
Let m(b) = 7*b + 5. What is m(-2)?
-9
Let q(r) = r - 2. Determine q(1).
-1
Let p(q) = -16*q. Determine p(1).
-16
Let j(c) = 3*c**2 - 10*c - 1. Give j(4).
7
Let t(y) = -y - 7. What is t(-6)?
-1
Let c(o) = -14*o - 99. Determine c(-10).
41
Let b(d) = -3*d + 7. What is b(10)?
-23
Let k(s) = -s**3 + 9*s**2 - 4*s - 10. Determine k(8).
22
Let m(n) = 2*n**2 + 2*n + 6. Calculate m(-3).
18
Let p(r) = -16*r - 7. Give p(-1).
9
Let l(r) = r**2 + 5. Give l(4).
21
Let c(a) = a**3 + 10*a**2 - 12*a - 20. Calculate c(-8).
204
Let h(c) = c**2 - 4*c + 1. Calculate h(3).
-2
Let h(n) = -33*n - 1. Give h(1).
-34
Let l(c) = -c**3 - 6*c**2 + 8. What is l(-6)?
8
Let m(u) = -4*u - 12. Determine m(-7).
16
Let o(k) = k**3 - 8*k**2 + 34*k - 95. Determine o(5).
0
Let i(n) = -10*n - 7. Calculate i(-1).
3
Let x(c) = -c**3 - 12*c**2 - 8*c - 61. What is x(-11)?
-94
Let b(z) = 16*z**2 + 84*z - 84. What is b(1)?
16
Let y(i) = -8*i + 68. Determine y(6).
20
Let t(c) = 19*c**3 - 2*c**2 + 5*c + 5. What is t(-1)?
-21
Let s(h) = h**2 - 11*h - 3. Determine s(11).
-3
Let q(s) = -3*s + 12. Calculate q(6).
-6
Let a(j) = 5*j - 179. Calculate a(43).
36
Let i(r) = 5*r**2 - 5*r - 4. Calculate i(2).
6
Let s(p) = -p**2 - 33*p - 62. Calculate s(-31).
0
Let m(r) = 5*r + 1. Determine m(-1).
-4
Let b(g) = 2*g**2 + g - 24. Give b(0).
-24
Let w(r) = -r**3 - 4*r**2 + 5*r - 7. Give w(-5).
-7
Let s(d) = -8*d - 16. Determine s(-6).
32
Let k(g) = -2*g**3 - 22*g**2 - 6. Give k(-11).
-6
Let w(m) = m**2 - 13*m - 6. What is w(14)?
8
Let z(v) = 32*v + 71. Give z(-2).
7
Let x(n) = -2*n**2 - 2*n - 5. Determine x(-4).
-29
Let z(b) = b**3 + 6*b**2 - 5*b + 8. Determine z(-7).
-6
Let d(c) = -2*c + 37. Give d(-7).
51
Let f(g) = -2*g + 8. What is f(4)?
0
Let g(t) = 2*t**2 - 33*t + 87. Determine g(13).
-4
Let o(f) = -17*f**3 - 3*f**2 + 3*f - 1. Determine o(1).
-18
Let o(w) = 25*w**3 + 1. Calculate o(1).
26
Let j(a) = -a + 13. What is j(13)?
0
Let g(y) = -y + 17. What is g(0)?
17
Let v(m) = m**3 + 12*m**2 + 14*m + 31. Give v(-11).
-2
Let b(l) = 9*l - 3. What is b(-4)?
-39
Let k(p) = 31*p + 120. What is k(-4)?
-4
Let o(u) = -2*u**2 - 33*u - 34. Calculate o(-15).
11
Let k(i) = -i**3 - i**2 + 8*i - 8. Calculate k(2).
-4
Let j(q) = -q**2 + 19*q - 23. Determine j(17).
11
Let v(w) = -13*w - 6. Calculate v(0).
-6
Let v(t) = -t - 1. What is v(-4)?
3
Let o(z) = -z**3 - 8*z**2 + 12*z + 30. Determine o(-9).
3
Let w(p) = p**2 + 18*p - 32. Determine w(-19).
-13
Let g(c) = -c**3 - 13*c**2 - 27*c - 14. Determine g(-11).
41
Let y(d) = 11*d + 102. Determine y(-9).
3
Let n(o) = 15*o + 2. Determine n(2).
32
Let v(q) = -6*q + 1. Determine v(-1).
7
Let c(u) = -u**3 + 6*u**2 - u + 6. Determine c(6).
0
Let r(c) = 76*c - 62. Give r(1).
14
Let l(g) = g**2 - 12*g - 8. Calculate l(9).
-35
Let m(x) = x**2 - 21*x - 83. Give m(24).
-11
Let b(n) = -n**3 - 9*n**2 + 21*n - 13. What is b(-11)?
-2
Let x(h) = h**2 + 10*h - 3. Give x(-9).
-12
Let n(a) = -4*a**2 - 9*a - 17. Calculate n(-4).
-45
Let k(u) = u**2 + 8*u + 13. Calculate k(-6).
1
Let z(g) = 2*g**3 + 2*g**2 + 2*g. Determine z(-1).
-2
Let p(b) = -12*b - 2. What is p(-2)?
22
Let j(m) = -3*m + 2. Give j(5).
-13
Let a(j) = 2*j - 6. Calculate a(-4).
-14
Let n(d) = -d**2 - 27*d - 38. What is n(-25)?
12
Let d(f) = -f + 10. What is d(3)?
7
Let x(s) = -s**3 - 9*s**2 + 4*s + 55. Determine x(-7).
-71
Let x(s) = -s**2 - 4. Determine x(-3).
-13
Let t(j) = j**2 + 4*j - 3. What is t(-5)?
2
Let k(l) = -l**3 + 7*l**2 - 4*l - 11. What is k(6)?
1
Let b(h) = -h**3 - 11*h**2 - 9*h - 1. Calculate b(-11).
98
Let h(g) = g**2 + 25*g - 18. What is h(-26)?
8
Let c(r) = 21*r + 119. Calculate c(-6).
-7
Let a(q) = -q**2 - q. What is a(-2)?
-2
Let q(k) = 3*k**2 + k. Give q(1).
4
Let d(r) = -5*r + 32. Determine d(15).
-43
Let n(v) = -99*v + 184. Calculate n(2).
-14
Let s(z) = -3*z - 17. Give s(8).
-41
Let k(b) = 15*b + 120. Calculate k(-8).
0
Let i(w) = 3*w + 13. Give i(-7).
-8
Let w(r) = r**3 - 16*r**2 + 4. What is w(16)?
4
Let l(f) = -21*f - 335. Calculate l(-16).
1
Let q(m) = m**2 - 9*m - 15. Give q(11).
7
Let i(c) = -2*c - 7. Determine i(0).
-7
Let d(r) = r**3 + 26*r**2 - 26*r + 35. Calculate d(-27).
8
Let y(l) = l**2 - 9*l + 17. Determine y(12).
53
Let i(c) = -c**3 + 4*c**2 - 2*c - 1. What is i(5)?
-36
Let h(z) = z**3 + 14*z**2 - 15*z - 11. Give h(-15).
-11
Let t(c) = -4*c**2 - 54*c + 8. Give t(-14).
-20
Let w(a) = -2*a**3 - 13*a**2 + 10*a + 12. Determine w(-7).
-9
Let d(h) = -h + 3. Give d(5).
-2
Let a(z) = 3*z + 1. Give a(-10).
-29
Let p(l) = -2*l + 21. Determine p(-18).
57
Let f(r) = r**2 - 3*r - 5. Calculate f(-2).
5
Let x(k) = k**2 - 2*k - 10. Determine x(7).
25
Let t(a) = a**2 + 12*a + 40. What is t(-6)?
4
Let j(f) = -f**3 + 6*f**2 + 21*f - 21. Calculate j(8).
19
Let a(r) = r + 21. Give a(-9).
12
Let a(s) = -s**3 - s**2 - 5*s - 7. Give a(0).
-7
Let p(a) = -2*a**3 + 13*a**2 - 8*a + 8. Calculate p(7).
-97
Let x(i) = -2*i + 18. Calculate x(-16).
50
Let u(y) = -y**3 + 16*y**2 + y + 2. Give u(16).
18
Let k(z) = z**3 - 8*z**2 + 5*z + 4. Determine k(7).
-10
Let n(y) = 2*y + 29. Calculate n(-12).
5
Let b(y) = 2*y**2 + 10*y - 4. Determine b(-8).
44
Let d(a) = a**2 - 4*a + 22. Determine d(5).
27
Let i(b) = -b - 8. Determine i(-7).
-1
Let y(v) = 2*v**2 + 5*v + 5. Give y(-5).
30
Let r(t) = 28*t + 6. What is r(0)?
6
Let x(i) = i**3 - 11*i**2 - 18*i + 28. Calculate x(12).
-44
Let h(l) = 2*l**2 - 4*l + 3. Determine h(4).
19
Let y(u) = 3*u**2 - 14*u + 8. Calculate y(6).
32
Let h(l) = l**3 + 4*l**2 - 4*l + 7. Determine h(-5).
2
Let k(v) = -5*v**3 + 35*v**2 + 2*v - 10. Calculate k(7).
4
Let g(a) = -a**2 + 16*a - 17. Calculate g(15).
-2
Let h(v) = -v**2 - 21*v - 104. Determine h(-10).
6
Let r(b) = -b**3 + 4*b**2 + 7*b - 8. Calculate r(6).
-38
Let l(a) = a**2 + 27*a - 36. What is l(-27)?
-36
Let w(u) = u**3 + 20*u**2 + 37*u + 13. Give w(-18).
-5
Let z(m) = m**2 - 8*m + 8. What is z(6)?
-4
Let n(h) = h**2 + 9*h. What is n(-9)?
0
Let d(l) = -l**2 + 5*l + 1. What is d(3)?
7
Let m(q) = 6*q + 96. Determine m(-8).
48
Let c(p) = p**2 + 8*p + 23. Give c(-3).
8
Let g(f) = f**3 - 2*f**2 - 3*f - 26. Calculate g(4).
-6
Let j(k) = -k**3 + 6*k**2 + 4*k + 7. Calculate j(7).
-14
Let t(d) = 42*d**2 + 1. What is t(1)?
43
Let n(b) = -b**2 + 10*b - 1. What is n(4)?
23
Let c(o) = -7*o. What is c(6)?
-42
Let x(u) = u**3 - 4*u**2 + 5*u - 3. Give x(4).
17
Let m(i) = -i**3 + 9*i**2 + 2*i - 27. Give m(9).
-9
Let l(r) = -r**2 - 14*r + 140. Determine l(6).
20
Let s(q) = 2*q**3 + 16*q**2 - 20*q - 8. What is s(-9)?
10
Let b(g) = -g**3 - 11*g**2 + 11*g + 129. Determine b(-11).
8
Let j(v) = -44*v - 84. Give j(-2).
4
Let l(d) = d**2 - 8*d - 50. Determine l(-4).
-2
Let d(k) = k + 11. Determine d(-6).
5
Let m(x) = x**3 + 7*x**2. Determine m(-7).
0
Let y(o) = -o**3 + 6*o**2 - 6*o + 15. What is y(6)?
-21
Let b(k) = 2*k**2 + 20*k + 10. Calculate b(-9).
-8
Let s(a) = a**2 - 27*a + 74. Determine s(3).
2
Let r(p) =